the ten thousands digit of 233890?
3
What is the ten millions digit of 11622707?
1
What is the ten thousands digit of 13465767?
6
What is the millions digit of 1522576?
1
What is the hundreds digit of 28045374?
3
What is the hundreds digit of 619807?
8
What is the hundreds digit of 186411?
4
What is the units digit of 18647926?
6
What is the tens digit of 186665?
6
What is the thousands digit of 4647117?
7
What is the hundred thousands digit of 147180?
1
What is the hundreds digit of 9700411?
4
What is the hundreds digit of 44397?
3
What is the ten thousands digit of 962714?
6
What is the hundred thousands digit of 245228?
2
What is the hundreds digit of 564142?
1
What is the thousands digit of 2499297?
9
What is the thousands digit of 21011259?
1
What is the thousands digit of 9533?
9
What is the units digit of 814706?
6
What is the thousands digit of 18656722?
6
What is the units digit of 736967?
7
What is the units digit of 5879684?
4
What is the millions digit of 1757313?
1
What is the tens digit of 327643?
4
What is the hundred thousands digit of 277289?
2
What is the hundreds digit of 1068735?
7
What is the ten thousands digit of 858980?
5
What is the units digit of 16760056?
6
What is the ten thousands digit of 770439?
7
What is the ten thousands digit of 479082?
7
What is the hundreds digit of 700947?
9
What is the units digit of 5213383?
3
What is the ten thousands digit of 678681?
7
What is the hundred thousands digit of 1595697?
5
What is the hundred thousands digit of 825631?
8
What is the thousands digit of 1942561?
2
What is the tens digit of 3423808?
0
What is the ten thousands digit of 1456171?
5
What is the hundred thousands digit of 2820479?
8
What is the units digit of 7911493?
3
What is the units digit of 252450?
0
What is the tens digit of 37832271?
7
What is the hundred thousands digit of 2972148?
9
What is the units digit of 18426?
6
What is the thousands digit of 343780?
3
What is the hundreds digit of 9579995?
9
What is the units digit of 6272259?
9
What is the ten thousands digit of 122511?
2
What is the thousands digit of 401238?
1
What is the millions digit of 12756458?
2
What is the hundreds digit of 2061464?
4
What is the hundred thousands digit of 7315572?
3
What is the hundreds digit of 270175?
1
What is the millions digit of 1660292?
1
What is the ten thousands digit of 9165663?
6
What is the tens digit of 586589?
8
What is the thousands digit of 2488890?
8
What is the tens digit of 75963?
6
What is the hundred thousands digit of 671635?
6
What is the units digit of 1134144?
4
What is the tens digit of 18071453?
5
What is the thousands digit of 5718353?
8
What is the tens digit of 26175969?
6
What is the units digit of 2570688?
8
What is the ten thousands digit of 1644765?
4
What is the ten thousands digit of 14372332?
7
What is the millions digit of 16651899?
6
What is the units digit of 642413?
3
What is the units digit of 2000415?
5
What is the tens digit of 12913156?
5
What is the units digit of 3715547?
7
What is the tens digit of 5767452?
5
What is the hundreds digit of 2642429?
4
What is the units digit of 270677?
7
What is the millions digit of 10432897?
0
What is the hundred thousands digit of 306458?
3
What is the tens digit of 67058?
5
What is the thousands digit of 408143?
8
What is the hundred thousands digit of 122983?
1
What is the units digit of 4087541?
1
What is the tens digit of 90331?
3
What is the ten millions digit of 34803421?
3
What is the units digit of 133973?
3
What is the millions digit of 3123783?
3
What is the tens digit of 1196039?
3
What is the ten millions digit of 40199198?
4
What is the tens digit of 21272812?
1
What is the thousands digit of 8701?
8
What is the hundreds digit of 41329?
3
What is the tens digit of 5611826?
2
What is the thousands digit of 149055?
9
What is the ten thousands digit of 42823?
4
What is the units digit of 211476?
6
What is the thousands digit of 3411730?
1
What is the ten thousands digit of 173738?
7
What is the tens digit of 569648?
4
What is the ten thousands digit of 15865932?
6
What is the ten thousands digit of 33045296?
4
What is the thousands digit of 1351996?
1
What is the units digit of 2751126?
6
What is the units digit of 221913?
3
What is the hundreds digit of 1181065?
0
What is the hundreds digit of 8212344?
3
What is the units digit of 8235763?
3
What is the millions digit of 8405098?
8
What is the hundreds digit of 2915766?
7
What is the ten thousands digit of 629784?
2
What is the hundreds digit of 196329?
3
What is the ten thousands digit of 5108824?
0
What is the tens digit of 3608738?
3
What is the units digit of 605912?
2
What is the hundreds digit of 1814639?
6
What is the millions digit of 3797850?
3
What is the hundreds digit of 3330606?
6
What is the hundreds digit of 114321?
3
What is the ten thousands digit of 3286953?
8
What is the units digit of 210683?
3
What is the thousands digit of 164029?
4
What is the hundred thousands digit of 3507671?
5
What is the ten thousands digit of 103433?
0
What is the tens digit of 12102348?
4
What is the units digit of 6921565?
5
What is the millions digit of 4507997?
4
What is the hundred thousands digit of 1762532?
7
What is the thousands digit of 239971?
9
What is the millions digit of 13226533?
3
What is the tens digit of 1200274?
7
What is the hundred thousands digit of 7879303?
8
What is the units digit of 2085320?
0
What is the thousands digit of 305220?
5
What is the units digit of 564613?
3
What is the thousands digit of 2004761?
4
What is the thousands digit of 26437?
6
What is the hundred thousands digit of 193803?
1
What is the thousands digit of 431562?
1
What is the tens digit of 172366?
6
What is the ten thousands digit of 2469027?
6
What is the tens digit of 2858437?
3
What is the hundred thousands digit of 290222?
2
What is the hundreds digit of 561935?
9
What is the ten thousands digit of 97469?
9
What is the units digit of 2438205?
5
What is the units digit of 56750?
0
What is the units digit of 9506586?
6
What is the thousands digit of 912446?
2
What is the millions digit of 2016632?
2
What is the tens digit of 957968?
6
What is the ten thousands digit of 1436943?
3
What is the tens digit of 629189?
8
What is the tens digit of 160888?
8
What is the units digit of 67106?
6
What is the units digit of 626154?
4
What is the ten thousands digit of 5012746?
1
What is the ten thousands digit of 384917?
8
What is the units digit of 313107?
7
What is the ten thousands digit of 22142884?
4
What is the hundred thousands digit of 357318?
3
What is the units digit of 109900?
0
What is the ten thousands digit of 12229628?
2
What is the units digit of 65949?
9
What is the hundreds digit of 2254220?
2
What is the tens digit of 2221643?
4
What is the hundreds digit of 151977?
9
What is the millions digit of 6389883?
6
What is the thousands digit of 399768?
9
What is the thousands digit of 162742?
2
What is the units digit of 109863?
3
What is the units digit of 556638?
8
What is the ten millions digit of 17484996?
1
What is the hundred thousands digit of 4617480?
6
What is the thousands digit of 535790?
5
What is the hundred thousands digit of 1006278?
0
What is the thousands digit of 1075483?
5
What is the thousands digit of 546001?
6
What is the tens digit of 8383823?
2
What is the thousands digit of 177562?
7
What is the hundreds digit of 6191216?
2
What is the hundreds digit of 3466714?
7
What is the millions digit of 2145718?
2
What is the hundreds digit of 75213?
2
What is the units digit of 1110642?
2
What is the hundred thousands digit of 153015?
1
What is the ten thousands digit of 397445?
9
What is the thousands digit of 29410758?
0
What is the hundred thousands digit of 520520?
5
What is the hundred thousands digit of 1307884?
3
What is the ten thousands digit of 663013?
6
What is the hundreds digit of 1444268?
2
What is the tens digit of 211316?
1
What is the ten thousands digit of 351928?
5
What is the millions digit of 3663125?
3
What is the hundreds digit of 323761?
7
What is the ten millions digit of 10171068?
1
What is the units digit of 484?
4
What is the thousands digit of 208638?
8
What is the thousands digit of 71362?
1
What is the ten millions digit of 2249